{"id":109,"date":"2025-09-16T11:41:07","date_gmt":"2025-09-16T09:41:07","guid":{"rendered":"http:\/\/claireetconscience.com\/?page_id=109"},"modified":"2026-03-01T13:40:39","modified_gmt":"2026-03-01T12:40:39","slug":"concepts","status":"publish","type":"page","link":"https:\/\/claireetconscience.com\/index.php\/concepts\/","title":{"rendered":"Concepts"},"content":{"rendered":"\n<h2 class=\"wp-block-heading\">Mes concepts<\/h2>\n\n\n\n<div class=\"wp-block-cover\" style=\"min-height:517px;aspect-ratio:unset;\"><img loading=\"lazy\" decoding=\"async\" width=\"1024\" height=\"768\" class=\"wp-block-cover__image-background wp-image-49 size-large\" alt=\"\" src=\"https:\/\/claireetconscience.com\/wp-content\/uploads\/2025\/08\/forest-1258904-1024x768.jpg\" data-object-fit=\"cover\" srcset=\"https:\/\/claireetconscience.com\/wp-content\/uploads\/2025\/08\/forest-1258904-1024x768.jpg 1024w, https:\/\/claireetconscience.com\/wp-content\/uploads\/2025\/08\/forest-1258904-300x225.jpg 300w, https:\/\/claireetconscience.com\/wp-content\/uploads\/2025\/08\/forest-1258904-768x576.jpg 768w, https:\/\/claireetconscience.com\/wp-content\/uploads\/2025\/08\/forest-1258904-1536x1152.jpg 1536w, https:\/\/claireetconscience.com\/wp-content\/uploads\/2025\/08\/forest-1258904.jpg 1600w\" sizes=\"auto, (max-width: 1024px) 100vw, 1024px\" \/><span aria-hidden=\"true\" class=\"wp-block-cover__background has-background-dim\" style=\"background-color:#6d7b58\"><\/span><div class=\"wp-block-cover__inner-container is-layout-constrained wp-block-cover-is-layout-constrained\">\n<p class=\"has-text-align-center has-large-font-size\"><\/p>\n<\/div><\/div>\n\n\n\n<div class=\"wp-block-columns is-layout-flex wp-container-core-columns-is-layout-28f84493 wp-block-columns-is-layout-flex\">\n<div class=\"wp-block-column is-layout-flow wp-block-column-is-layout-flow\">\n<h2 class=\"wp-block-heading has-text-align-center has-medium-font-size\">La pens\u00e9e positive<\/h2>\n\n\n\n<p>Fonctionner avec la pens\u00e9e positive, c\u2019est actionner le processus de transformation indispensable pour cheminer vers plus d\u2019\u00e9quilibre et d\u2019harmonie dans sa vie.<\/p>\n\n\n\n<ul class=\"wp-block-list\">\n<li>Avec la VISUALISATION DE TRANSFORMATION, v\u00e9ritable outil de changement.<\/li>\n<\/ul>\n\n\n\n<ul class=\"wp-block-list\">\n<li>Manifester et mat\u00e9rialiser dans la dur\u00e9e des changements positifs.<\/li>\n<\/ul>\n\n\n\n<ul class=\"wp-block-list\">\n<li>Actionner la symbolique de l\u2019abondance dans ma vie et avant tout l\u2019abondance d\u2019amour de soi.<\/li>\n<\/ul>\n\n\n\n<div class=\"wp-block-buttons is-layout-flex wp-block-buttons-is-layout-flex\">\n<div class=\"wp-block-button\"><a class=\"wp-block-button__link wp-element-button\" href=\"https:\/\/claireetconscience.com\/index.php\/la-reconciliation\/\">En savoir plus<\/a><\/div>\n<\/div>\n<\/div>\n\n\n\n<div class=\"wp-block-column is-layout-flow wp-block-column-is-layout-flow\">\n<h2 class=\"wp-block-heading has-text-align-center has-medium-font-size\">La r\u00e9conciliation avec soi<\/h2>\n\n\n\n<p>Se r\u00e9concilier avec soi-m\u00eame et son histoire, c\u2019est apprendre \u00e0 identifier ses forces et ses valeurs, constituant le socle essentiel pour re-donner du sens \u00e0 sa vie.<\/p>\n\n\n\n<p>Avoir foi en soi, cela se d\u00e9veloppe patiement, par un engagement vis \u00e0 vis de soi-m\u00eame.<\/p>\n\n\n\n<ul class=\"wp-block-list\">\n<li>Inscrire ma place comme unique et essentielle.<\/li>\n<\/ul>\n\n\n\n<ul class=\"wp-block-list\">\n<li>Ancrer ma FILIATION POSITIVE, d\u00e9couvrir que ma lign\u00e9e est une force. Travail sur la psychog\u00e9n\u00e9alogie.<\/li>\n<\/ul>\n\n\n\n<ul class=\"wp-block-list\">\n<li>RESILIENCE (transformation) et gu\u00e9rison de mon histoire.<\/li>\n<\/ul>\n\n\n\n<div class=\"wp-block-buttons is-layout-flex wp-block-buttons-is-layout-flex\">\n<div class=\"wp-block-button\"><a class=\"wp-block-button__link wp-element-button\" href=\"https:\/\/claireetconscience.com\/index.php\/la-pensee-positive\/\">En savoir plus<\/a><\/div>\n<\/div>\n<\/div>\n\n\n\n<div class=\"wp-block-column is-layout-flow wp-block-column-is-layout-flow\">\n<h2 class=\"wp-block-heading has-text-align-center has-medium-font-size\">La r\u00e9assurance<\/h2>\n\n\n\n<p>Des changements important de vie viennent destabiliser vos fondements et la confiance en qui vous \u00eates.<\/p>\n\n\n\n<p>Je vous accompagne pour que vous soyez capable de construire de nouveaux points de rep\u00e8res rassurants.<\/p>\n\n\n\n<ul class=\"wp-block-list\">\n<li>Me r\u00e9-ancrer dans un EQUILIBRE \u00e9motionnel.<\/li>\n<\/ul>\n\n\n\n<ul class=\"wp-block-list\">\n<li>Me poser dans le calme mental.<\/li>\n<\/ul>\n\n\n\n<ul class=\"wp-block-list\">\n<li>Redonner sens et pr\u00e9sence dans mes forces et mes ressources personnelles.<\/li>\n<\/ul>\n\n\n\n<ul class=\"wp-block-list\">\n<li>Valoriser et identifier mes talents et les inscrire dans de nouveaux projets.<\/li>\n<\/ul>\n\n\n\n<div class=\"wp-block-buttons is-layout-flex wp-block-buttons-is-layout-flex\">\n<div class=\"wp-block-button\"><a class=\"wp-block-button__link wp-element-button\" href=\"https:\/\/claireetconscience.com\/index.php\/la-reassurance\/\">En savoir plus<\/a><\/div>\n<\/div>\n<\/div>\n<\/div>\n\n\n\n<p><\/p>\n","protected":false},"excerpt":{"rendered":"<p>Mes concepts La pens\u00e9e positive Fonctionner avec la pens\u00e9e positive, c\u2019est actionner le processus de transformation indispensable pour cheminer vers plus d\u2019\u00e9quilibre et d\u2019harmonie dans sa vie. La r\u00e9conciliation avec soi Se r\u00e9concilier avec soi-m\u00eame et son histoire, c\u2019est apprendre \u00e0 identifier ses forces et ses valeurs, constituant le socle essentiel pour re-donner du sens [&hellip;]<\/p>\n","protected":false},"author":2,"featured_media":0,"parent":0,"menu_order":0,"comment_status":"closed","ping_status":"closed","template":"","meta":{"footnotes":""},"class_list":["post-109","page","type-page","status-publish","hentry"],"_links":{"self":[{"href":"https:\/\/claireetconscience.com\/index.php\/wp-json\/wp\/v2\/pages\/109","targetHints":{"allow":["GET"]}}],"collection":[{"href":"https:\/\/claireetconscience.com\/index.php\/wp-json\/wp\/v2\/pages"}],"about":[{"href":"https:\/\/claireetconscience.com\/index.php\/wp-json\/wp\/v2\/types\/page"}],"author":[{"embeddable":true,"href":"https:\/\/claireetconscience.com\/index.php\/wp-json\/wp\/v2\/users\/2"}],"replies":[{"embeddable":true,"href":"https:\/\/claireetconscience.com\/index.php\/wp-json\/wp\/v2\/comments?post=109"}],"version-history":[{"count":9,"href":"https:\/\/claireetconscience.com\/index.php\/wp-json\/wp\/v2\/pages\/109\/revisions"}],"predecessor-version":[{"id":397,"href":"https:\/\/claireetconscience.com\/index.php\/wp-json\/wp\/v2\/pages\/109\/revisions\/397"}],"wp:attachment":[{"href":"https:\/\/claireetconscience.com\/index.php\/wp-json\/wp\/v2\/media?parent=109"}],"curies":[{"name":"wp","href":"https:\/\/api.w.org\/{rel}","templated":true}]}}